 - d. Let x = j + -24. List the prime factors of x.
3, 7
Let t(n) = n**2 + 6*n + 12. Let d be (20/(-6))/(12/18). List the prime factors of t(d).
7
List the prime factors of 3641 - 1/(4/(-20)).
2, 1823
Let r be (-6 + 3 - -4)/(2/4). Suppose -r*u + 2*k = -142, -87 = -5*u + 4*u - 3*k. What are the prime factors of u?
3, 5
Suppose -36*h = -48*h + 35892. List the prime factors of h.
3, 997
Suppose 57*a = 55*a - 58. What are the prime factors of -1*(a - (2 + 2))?
3, 11
Let t(p) = 7*p**2 - 1. Let f be t(1). Suppose -272 = -4*k + b - f*b, 0 = b. What are the prime factors of k?
2, 17
Let d = 347 - 242. List the prime factors of (-14)/d + (-214)/(-30).
7
Let i be 0/(-3*4/6). Suppose -28 = -4*d - 5*r + 151, i = d + 2*r - 47. List the prime factors of d.
41
Suppose -896*j - 4070 = -907*j. List the prime factors of j.
2, 5, 37
Suppose -23 = -2*m + 17. Let q = 18 - m. What are the prime factors of -1 - (4 + q + -17)?
2, 7
Suppose 0 = 3*j - 4*s - 1040 - 3942, -2*j = 4*s - 3308. What are the prime factors of j?
2, 829
Suppose 16*f + 2016 = 19*f. What are the prime factors of f?
2, 3, 7
Let u(r) = -r + 34. Let m = 18 - 25. Let z = m - -7. What are the prime factors of u(z)?
2, 17
Let a = -96 - -29. Let s = a + 83. List the prime factors of s.
2
Let x(t) = -2*t**2 + 169*t + 65. What are the prime factors of x(50)?
5, 19, 37
Suppose 3*v = 5*v. Suppose -4*j - j = v, -4*d = -4*j - 12. Suppose 36 = d*h - 0*h. What are the prime factors of h?
2, 3
Let j(o) = 3*o**2 + 10*o - 8. Let t be j(4). Suppose 4*d = -d + t. List the prime factors of d.
2
Let z(p) = p**3 - 3*p**2 + 7*p. Let u be z(5). Let k = 148 - u. List the prime factors of k.
3, 7
Suppose -4*s + 2 + 2 = 0. Let w(c) = -10 + s + 5*c**2 + 3 + 7 - 2*c. List the prime factors of w(-2).
5
List the prime factors of -1 - -1 - (-5 + 7 + -423).
421
Suppose -2*z = 2*r + 2, 2 - 10 = 3*r + 4*z. Suppose a - 6 = r. List the prime factors of a.
2, 5
Suppose -5*t - 28 = j, -2*j + 4*j = 5*t - 131. Let w = 90 + j. What are the prime factors of w?
37
Let c(x) = x**3 - 31*x**2 - 68*x + 69. List the prime factors of c(35).
3, 863
List the prime factors of ((-5706)/10)/(10/(-50)).
3, 317
Suppose 2*t = 5*h - 269, -79 = -3*h - 2*t + 76. Let w = h + -31. Suppose 2*z - 12 = -3*b - 0, -2*b - w = -2*z. List the prime factors of z.
3
Let d = 37 - 33. Let u = d + 9. Let m(q) = 2*q - 5. What are the prime factors of m(u)?
3, 7
Suppose 2*s = 4*z + 12, -4*s + 7*s + z = 32. Suppose 0 = q + s*q - 220. What are the prime factors of q?
2, 5
Let g be (35/(-2) + 3)*2. Let j = g + 39. What are the prime factors of j?
2, 5
What are the prime factors of (143/11)/(237/78 - 3)?
2, 13
Let t(r) = 1070*r**3 - 3*r**2 - r + 2. What are the prime factors of t(1)?
2, 3, 89
Let l = 61 - 31. What are the prime factors of (-1)/6 + (2345/l - 6)?
2, 3
What are the prime factors of (123/63 + (-20)/70)*471?
5, 157
Let p be 15/(-2) + ((-3)/6 - 0). Let s(f) = -4*f + 11. What are the prime factors of s(p)?
43
Let v be ((-6)/(-5))/(51/85). Suppose -v*k = -0 - 26. Suppose k*b = 18*b - 210. What are the prime factors of b?
2, 3, 7
Suppose -5*v - 243 - 437 = 0. Let i = 95 + v. What are the prime factors of i/((-2 - -5)/(-3))?
41
Let g = -14 - -19. Suppose -5*k + 259 = g*m + 79, 207 = 5*k - 4*m. List the prime factors of k.
3, 13
Suppose y = 2*p - 4, 8 = 5*p - 2*y - 0*y. Suppose -4*v - 291 + 3 = p. Let j = -49 - v. List the prime factors of j.
23
List the prime factors of 2423 + 9 + -2 + -8.
2, 7, 173
Suppose -10*s - 2*s + 504 = 0. Let i = 25 + -9. Suppose i*z + s = 18*z. List the prime factors of z.
3, 7
Suppose 50 = 4*y + 2*c, -4*c = -5*y + 83 - 1. List the prime factors of y.
2, 7
Let v(p) = 4*p + 0 - 13 - 9 + 5. What are the prime factors of v(23)?
3, 5
Let j(t) = 6*t - 1. Let b be j(-4). Let y = -48 - b. Let i = y - -39. List the prime factors of i.
2
Suppose -5*y + y = 12. Let k be (-1 - -1) + (y - -5). Suppose 0 = -k*q - 2*q + 188. What are the prime factors of q?
47
Suppose -3*d = -0*c + 5*c - 383, -4*c + 302 = -2*d. What are the prime factors of c?
2, 19
Let k(f) = -35*f + 96. List the prime factors of k(-40).
2, 11, 17
Let c(k) = -k**2 + 2*k + 2. Let x be c(-5). Suppose 0 = -t - 4*t. What are the prime factors of 2/((-6)/x - t)?
11
Suppose -7 = -5*g + 8. Suppose -g*n + 95 = -328. What are the prime factors of n?
3, 47
Let v be 168/(-4)*(-1)/1. Let b = 104 - v. List the prime factors of b.
2, 31
Let g(x) = x**3 + 48*x**2 - 63*x + 112. What are the prime factors of g(-49)?
2, 3, 7, 19
Let g be -2*(2 - (-3)/(-2)) + 5. Suppose x + 36 = k - 3*x, 4*k - g*x = 132. List the prime factors of k.
2
Suppose 6*d = -433 + 3001. What are the prime factors of d?
2, 107
Let j(t) = t - 3. Let m be j(6). Let l(d) = 12 + m*d - 7 + 2. What are the prime factors of l(9)?
2, 17
Let r be (1/(-1))/((-4)/20). Suppose r*l = 2*l. Suppose -4*v + l*g - 2*g = 0, -3*g - 18 = -3*v. List the prime factors of v.
2
Suppose 5*m - 222 = 28. Let o be 240/(-32)*120/(-9). Suppose -2*l + g = -0*l - m, -4*l + 3*g + o = 0. What are the prime factors of l?
5
Suppose 5*v + 3*t = 2157, 4 = t + 5. List the prime factors of v.
2, 3
List the prime factors of 3 - (-20181)/49 - 2/(-14).
5, 83
Let v(o) = 40*o**2 + o + 7. Let z(g) = 40*g**2 + 8. Let h(l) = 4*v(l) - 3*z(l). List the prime factors of h(-1).
2, 5
Let v(m) = 4*m**3 - 23*m**2 - 17*m + 103. List the prime factors of v(10).
23, 71
Let o(l) = l**2 + 5*l - 1. Let a be o(4). Suppose 8*j - 3*j = a. What are the prime factors of j?
7
Suppose -2*c - 3*x = -0*x + 9, -2*x - 6 = 0. Suppose c*k + 64 = 4*k. What are the prime factors of k?
2
Let w(o) = -40*o. Let s be 14/(-12) - 6/(-36). List the prime factors of w(s).
2, 5
Let i(f) = -f**2 - 16*f + 36. Let w be i(-15). Let l = 117 - w. What are the prime factors of l?
2, 3, 11
Let l = 39 - 23. List the prime factors of 40*-2*(-6)/l.
2, 3, 5
Let r(h) = 3*h - 5. Let z be r(3). Suppose l - 122 = -2*b, 3*b - z*l = -2*b + 279. List the prime factors of b.
59
Let d be (-2 - -1)/((-7)/49). Suppose c + 196 = g, 2*g = d*g + c - 974. What are the prime factors of g?
3, 5, 13
Let a(t) = -t**3 + 6*t**2 - 2*t - 7. Let h be a(5). Suppose -h = -7*u + 3*u. List the prime factors of (2 - 2) + 34/u.
17
Let h = -1647 - -1174. Let f = -274 - h. List the prime factors of f.
199
Suppose 3*t - 509 = -3*d - t, -5*d + 4*t = -827. What are the prime factors of d?
167
Suppose 3*c - f - 3665 = 0, -2*c + 7*c - 6095 = -5*f. List the prime factors of c.
3, 11, 37
Let s(i) = 678*i + 337. List the prime factors of s(4).
3049
What are the prime factors of ((-4)/4)/(-2 - 1266/(-634))?
317
List the prime factors of -1*12*518/(-21).
2, 37
Let y be (-4)/(-6) + 78/18. Suppose 0 = f + 5, -4*r - y*f = -f - 76. Suppose -13*z = -9*z - r. List the prime factors of z.
2, 3
Let t be 1 - 1*(7 - 2). Let v = 7 + t. Suppose 135 = v*o - s + 53, 3*o - 107 = -4*s. What are the prime factors of o?
29
Let s(j) = -192*j + 671. List the prime factors of s(-22).
5, 11, 89
Let a(f) = f**2 - 10*f - 14. Let k be a(11). What are the prime factors of (-1 - -1) + (k - -85)?
2, 41
Suppose -5*y + 4*n - 5 = -14, 28 = 4*y + 2*n. Let f(q) = -q**3 + 6*q**2 + q + 4. Let i be f(y). Let d = -10 + i. List the prime factors of d.
2, 3
Let t(k) = -14 + 23*k**2 - 37*k + 21*k + 17*k + 2*k**3. List the prime factors of t(-11).
2, 3
Suppose 0 = 5*b - 15, 4*h = -b + 101 + 910. List the prime factors of h.
2, 3, 7
Suppose -4*z + 860 = -3*g, 3*z + 5*g = 2*g + 624. What are the prime factors of z?
2, 53
Suppose 26816 = 5*q + 9051. What are the prime factors of q?
11, 17, 19
Let h = -22 - -28. Suppose -62 = -0*w - w. Suppose -h*x + w = -4*x. List the prime factors of x.
31
Suppose -26*w = -24*w - 338. Suppose 5*p - w - 66 = u, -3*u = -4*p + 177. List the prime factors of p.
2, 3
Let h be ((-3)/(-5))/((-1)/(-95)). Let v = h - 17. Let n = v - 30. What are the prime factors of n?
2, 5
Let y(f) be the second derivative of 65*f**3/6 + 5*f**2/2 - 5*f. List the prime factors of y(2).
3, 5
What are the prime factors of 22/(-33)*(2 + 3588/(-3))?
2, 199
Let p = -69 - -569. List the prime factors of p.
2, 5
Suppose 0 = -2*o - 10, -5*o - 12 = -2*c + 17. Let y(t) = -t**3 - 4*t**2 - 8*t - 13. Let j be y(-3). Suppose j + c = 2*s. What are the prime factors of s?
2
Let b(q) = -9*q - 21. List the prime factors 